the remainder when 5693 is divided by 16?
13
Calculate the remainder when 387 is divided by 210.
177
Calculate the remainder when 370 is divided by 38.
28
What is the remainder when 391 is divided by 66?
61
Calculate the remainder when 529 is divided by 30.
19
Calculate the remainder when 2580 is divided by 3.
0
What is the remainder when 269 is divided by 66?
5
Calculate the remainder when 1042 is divided by 343.
13
What is the remainder when 97 is divided by 8?
1
What is the remainder when 24 is divided by 2?
0
Calculate the remainder when 539 is divided by 109.
103
What is the remainder when 450 is divided by 305?
145
Calculate the remainder when 950 is divided by 68.
66
What is the remainder when 2516 is divided by 315?
311
Calculate the remainder when 113 is divided by 26.
9
Calculate the remainder when 2583 is divided by 17.
16
Calculate the remainder when 94 is divided by 34.
26
Calculate the remainder when 78 is divided by 29.
20
Calculate the remainder when 42248 is divided by 169.
167
What is the remainder when 244 is divided by 56?
20
What is the remainder when 500 is divided by 112?
52
What is the remainder when 320 is divided by 65?
60
What is the remainder when 722 is divided by 29?
26
Calculate the remainder when 89 is divided by 24.
17
What is the remainder when 208 is divided by 69?
1
What is the remainder when 47763 is divided by 19?
16
Calculate the remainder when 2046 is divided by 38.
32
Calculate the remainder when 167 is divided by 73.
21
Calculate the remainder when 114 is divided by 28.
2
What is the remainder when 87 is divided by 40?
7
Calculate the remainder when 1135 is divided by 71.
70
Calculate the remainder when 81 is divided by 43.
38
Calculate the remainder when 87 is divided by 21.
3
What is the remainder when 2172 is divided by 75?
72
Calculate the remainder when 428 is divided by 142.
2
What is the remainder when 298 is divided by 50?
48
What is the remainder when 1465 is divided by 146?
5
What is the remainder when 153 is divided by 12?
9
Calculate the remainder when 979 is divided by 5.
4
Calculate the remainder when 597 is divided by 43.
38
Calculate the remainder when 322 is divided by 66.
58
Calculate the remainder when 222 is divided by 25.
22
What is the remainder when 36 is divided by 7?
1
What is the remainder when 300 is divided by 21?
6
What is the remainder when 413 is divided by 87?
65
Calculate the remainder when 143 is divided by 67.
9
Calculate the remainder when 520 is divided by 108.
88
What is the remainder when 5962 is divided by 7?
5
What is the remainder when 10099 is divided by 101?
100
Calculate the remainder when 3834 is divided by 14.
12
What is the remainder when 233 is divided by 113?
7
What is the remainder when 213 is divided by 45?
33
What is the remainder when 748 is divided by 739?
9
What is the remainder when 76 is divided by 75?
1
What is the remainder when 49 is divided by 18?
13
What is the remainder when 61 is divided by 3?
1
Calculate the remainder when 892 is divided by 32.
28
What is the remainder when 76 is divided by 20?
16
Calculate the remainder when 11 is divided by 8.
3
Calculate the remainder when 219 is divided by 212.
7
What is the remainder when 275 is divided by 49?
30
What is the remainder when 2228 is divided by 203?
198
Calculate the remainder when 12630 is divided by 25.
5
Calculate the remainder when 425 is divided by 48.
41
What is the remainder when 356 is divided by 14?
6
Calculate the remainder when 717 is divided by 8.
5
What is the remainder when 529 is divided by 15?
4
What is the remainder when 189 is divided by 28?
21
What is the remainder when 482 is divided by 58?
18
What is the remainder when 2781 is divided by 96?
93
What is the remainder when 12874 is divided by 140?
134
What is the remainder when 5642 is divided by 27?
26
What is the remainder when 821 is divided by 325?
171
What is the remainder when 18762 is divided by 49?
44
What is the remainder when 461 is divided by 60?
41
Calculate the remainder when 53 is divided by 17.
2
Calculate the remainder when 100 is divided by 34.
32
Calculate the remainder when 587 is divided by 1.
0
What is the remainder when 737 is divided by 37?
34
What is the remainder when 432 is divided by 73?
67
Calculate the remainder when 6057 is divided by 20.
17
What is the remainder when 61 is divided by 28?
5
What is the remainder when 3659 is divided by 456?
11
Calculate the remainder when 296 is divided by 25.
21
Calculate the remainder when 40 is divided by 17.
6
Calculate the remainder when 77 is divided by 12.
5
What is the remainder when 65 is divided by 11?
10
Calculate the remainder when 3571 is divided by 19.
18
Calculate the remainder when 459 is divided by 3.
0
Calculate the remainder when 88 is divided by 23.
19
What is the remainder when 369 is divided by 76?
65
Calculate the remainder when 1682 is divided by 834.
14
What is the remainder when 1789 is divided by 2?
1
What is the remainder when 2201 is divided by 76?
73
What is the remainder when 17873 is divided by 27?
26
What is the remainder when 47 is divided by 8?
7
What is the remainder when 216 is divided by 10?
6
Calculate the remainder when 1231 is divided by 12.
7
Calculate the remainder when 490 is divided by 12.
10
Calculate the remainder when 36 is divided by 23.
13
What is the remainder when 333 is divided by 16?
13
What is the remainder when 4228 is divided by 94?
92
Calculate the remainder when 905 is divided by 65.
60
Calculate the remainder when 131 is divided by 67.
64
Calculate the remainder when 737 is divided by 246.
245
Calculate the remainder when 2132 is divided by 2120.
12
What is the remainder when 1391 is divided by 116?
115
What is the remainder when 702 is divided by 77?
9
Calculate the remainder when 25 is divided by 22.
3
Calculate the remainder when 586 is divided by 292.
2
What is the remainder when 104 is divided by 17?
2
Calculate the remainder when 43 is divided by 22.
21
What is the remainder when 429 is divided by 86?
85
What is the remainder when 286 is divided by 48?
46
Calculate the remainder when 11427 is divided by 18.
15
What is the remainder when 171 is divided by 87?
84
What is the remainder when 558 is divided by 43?
42
What is the remainder when 1029 is divided by 39?
15
What is the remainder when 942 is divided by 45?
42
What is the remainder when 52 is divided by 34?
18
Calculate the remainder when 934 is divided by 43.
31
What is the remainder when 1848 is divided by 10?
8
What is the remainder when 54 is divided by 21?
12
What is the remainder when 701 is divided by 151?
97
What is the remainder when 395 is divided by 74?
25
What is the remainder when 6958 is divided by 21?
7
What is the remainder when 277 is divided by 2?
1
What is the remainder when 123 is divided by 62?
61
Calculate the remainder when 82 is divided by 7.
5
Calculate the remainder when 1042 is divided by 7.
6
Calculate the remainder when 13231 is divided by 12.
7
What is the remainder when 817 is divided by 254?
55
Calculate the remainder when 550 is divided by 54.
10
Calculate the remainder when 1249 is divided by 181.
163
What is the remainder when 539 is divided by 30?
29
What is the remainder when 3625 is divided by 14?
13
What is the remainder when 4622 is divided by 69?
68
What is the remainder when 1342 is divided by 112?
110
What is the remainder when 1174 is divided by 9?
4
What is the remainder when 199 is divided by 94?
11
Calculate the remainder when 54 is divided by 54.
0
What is the remainder when 1410 is divided by 492?
426
Calculate the remainder when 221 is divided by 29.
18
Calculate the remainder when 1144 is divided by 77.
66
Calculate the remainder when 6784 is divided by 234.
232
What is the remainder when 61 is divided by 13?
9
Calculate the remainder when 1073 is divided by 12.
5
Calculate the remainder when 556 is divided by 43.
40
What is the remainder when 208 is divided by 46?
24
Calculate the remainder when 1266 is divided by 33.
12
Calculate the remainder when 347 is divided by 244.
103
Calculate the remainder when 65 is divided by 51.
14
What is the remainder when 851 is divided by 16?
3
What is the remainder when 457 is divided by 423?
34
Calculate the remainder when 141 is divided by 65